{"id":192,"date":"2020-12-29T18:21:48","date_gmt":"2020-12-29T21:21:48","guid":{"rendered":"https:\/\/laramaddo.com.br\/ambiente\/?page_id=192"},"modified":"2020-12-29T20:39:28","modified_gmt":"2020-12-29T23:39:28","slug":"solicite-avaliacao","status":"publish","type":"page","link":"https:\/\/laramaddo.com.br\/ambiente\/solicite-avaliacao\/","title":{"rendered":"Solicite uma Avalia\u00e7\u00e3o"},"content":{"rendered":"<p><strong>Cuidamos de tudo para voc\u00ea !<\/strong><\/p>\n<p>N\u00e3o somos n\u00f3s que estamos dizendo, conhe\u00e7a as hist\u00f3rias reais de quem escolheu a Laramaddo<\/p>\n","protected":false},"excerpt":{"rendered":"<p>Cuidamos de tudo para voc\u00ea ! N\u00e3o somos n\u00f3s que estamos dizendo, conhe\u00e7a as hist\u00f3rias reais de quem escolheu a Laramaddo<\/p>\n","protected":false},"author":1,"featured_media":0,"parent":0,"menu_order":0,"comment_status":"closed","ping_status":"closed","template":"","meta":[],"_links":{"self":[{"href":"https:\/\/laramaddo.com.br\/ambiente\/wp-json\/wp\/v2\/pages\/192"}],"collection":[{"href":"https:\/\/laramaddo.com.br\/ambiente\/wp-json\/wp\/v2\/pages"}],"about":[{"href":"https:\/\/laramaddo.com.br\/ambiente\/wp-json\/wp\/v2\/types\/page"}],"author":[{"embeddable":true,"href":"https:\/\/laramaddo.com.br\/ambiente\/wp-json\/wp\/v2\/users\/1"}],"replies":[{"embeddable":true,"href":"https:\/\/laramaddo.com.br\/ambiente\/wp-json\/wp\/v2\/comments?post=192"}],"version-history":[{"count":3,"href":"https:\/\/laramaddo.com.br\/ambiente\/wp-json\/wp\/v2\/pages\/192\/revisions"}],"predecessor-version":[{"id":200,"href":"https:\/\/laramaddo.com.br\/ambiente\/wp-json\/wp\/v2\/pages\/192\/revisions\/200"}],"wp:attachment":[{"href":"https:\/\/laramaddo.com.br\/ambiente\/wp-json\/wp\/v2\/media?parent=192"}],"curies":[{"name":"wp","href":"https:\/\/api.w.org\/{rel}","templated":true}]}}