{"id":22,"date":"2020-11-24T21:03:37","date_gmt":"2020-11-25T00:03:37","guid":{"rendered":"https:\/\/laramaddo.com.br\/ambiente\/?page_id=22"},"modified":"2021-01-03T16:41:07","modified_gmt":"2021-01-03T19:41:07","slug":"sobre","status":"publish","type":"page","link":"https:\/\/laramaddo.com.br\/ambiente\/sobre\/","title":{"rendered":"Sobre"},"content":{"rendered":"<p>Fundada em 2020 pela gestora de neg\u00f3cios imobili\u00e1rios e tamb\u00e9m corretora de im\u00f3veis La\u00eds Amado, a empresa tem a filosofia de adquirir a absoluta confian\u00e7a dos clientes, estar atenta as inova\u00e7\u00f5es do mercado e tratar sempre com aten\u00e7\u00e3o e responsabilidade as suas necessidades, focando sempre nas rela\u00e7\u00f5es humanas.<\/p>\n<p>Acreditamos que o conhecimento de mercado junto com a capacidade de enxergar pessoas e n\u00e3o s\u00f3 apenas clientes, \u00e9 a grande porta para nos tornamos uma empresa de sucesso e reconhecida.<\/p>\n<p style=\"margin-top: 40px;\">Por acreditar nesse formato de empresa, com foco e valoriza\u00e7\u00e3o nas rela\u00e7\u00f5es interpessoais, e pela experi\u00eancia adquirida em 10 anos atuando no mercado imobili\u00e1rio em empresas tradicionais e burocr\u00e1ticas, a La\u00eds apresenta a Laramaddo, uma empresa totalmente comprometida com a qualidade do servi\u00e7o oferecido e principalmente preocupada em realizar uma boa intermedia\u00e7\u00e3o entre pessoas.<\/p>\n","protected":false},"excerpt":{"rendered":"<p>Fundada em 2020 pela gestora de neg\u00f3cios imobili\u00e1rios e tamb\u00e9m corretora de im\u00f3veis La\u00eds Amado, a empresa tem a filosofia de adquirir a absoluta confian\u00e7a dos clientes, estar atenta as inova\u00e7\u00f5es do mercado e tratar sempre com aten\u00e7\u00e3o e responsabilidade as suas necessidades, focando sempre nas rela\u00e7\u00f5es humanas. Acreditamos que o conhecimento de mercado junto [&hellip;]<\/p>\n","protected":false},"author":1,"featured_media":0,"parent":0,"menu_order":0,"comment_status":"closed","ping_status":"closed","template":"","meta":[],"_links":{"self":[{"href":"https:\/\/laramaddo.com.br\/ambiente\/wp-json\/wp\/v2\/pages\/22"}],"collection":[{"href":"https:\/\/laramaddo.com.br\/ambiente\/wp-json\/wp\/v2\/pages"}],"about":[{"href":"https:\/\/laramaddo.com.br\/ambiente\/wp-json\/wp\/v2\/types\/page"}],"author":[{"embeddable":true,"href":"https:\/\/laramaddo.com.br\/ambiente\/wp-json\/wp\/v2\/users\/1"}],"replies":[{"embeddable":true,"href":"https:\/\/laramaddo.com.br\/ambiente\/wp-json\/wp\/v2\/comments?post=22"}],"version-history":[{"count":6,"href":"https:\/\/laramaddo.com.br\/ambiente\/wp-json\/wp\/v2\/pages\/22\/revisions"}],"predecessor-version":[{"id":216,"href":"https:\/\/laramaddo.com.br\/ambiente\/wp-json\/wp\/v2\/pages\/22\/revisions\/216"}],"wp:attachment":[{"href":"https:\/\/laramaddo.com.br\/ambiente\/wp-json\/wp\/v2\/media?parent=22"}],"curies":[{"name":"wp","href":"https:\/\/api.w.org\/{rel}","templated":true}]}}

<p>Fundada em 2020 pela gestora de negócios imobiliários e também corretora de imóveis Laís Amado, a empresa tem a filosofia de adquirir a absoluta confiança dos clientes, estar atenta as inovações do mercado e tratar sempre com atenção e responsabilidade as suas necessidades, focando sempre nas relações humanas.</p>
<p>Acreditamos que o conhecimento de mercado junto com a capacidade de enxergar pessoas e não só apenas clientes, é a grande porta para nos tornamos uma empresa de sucesso e reconhecida.</p>
<p style="margin-top: 40px;">Por acreditar nesse formato de empresa, com foco e valorização nas relações interpessoais, e pela experiência adquirida em 10 anos atuando no mercado imobiliário em empresas tradicionais e burocráticas, a Laís apresenta a Laramaddo, uma empresa totalmente comprometida com a qualidade do serviço oferecido e principalmente preocupada em realizar uma boa intermediação entre pessoas.</p>

<p>Fundada em 2020 pela gestora de negócios imobiliários e também corretora de imóveis Laís Amado, a empresa tem a filosofia de adquirir a absoluta confiança dos clientes, estar atenta as inovações do mercado e tratar sempre com atenção e responsabilidade as suas necessidades, focando sempre nas relações humanas. Acreditamos que o conhecimento de mercado junto [&hellip;]</p>
